{"id":85,"date":"2025-10-22T11:57:27","date_gmt":"2025-10-22T09:57:27","guid":{"rendered":"http:\/\/fdgn.local\/?page_id=85"},"modified":"2025-12-29T16:51:35","modified_gmt":"2025-12-29T15:51:35","slug":"lhistorique","status":"publish","type":"page","link":"https:\/\/blog.fedegn.org\/wordpress\/lhistorique\/","title":{"rendered":"L&#8217;historique"},"content":{"rendered":"\t\t<div data-elementor-type=\"wp-page\" data-elementor-id=\"85\" class=\"elementor elementor-85\">\n\t\t\t\t<div class=\"elementor-element elementor-element-296d9705 e-flex e-con-boxed e-con e-parent\" data-id=\"296d9705\" data-element_type=\"container\" data-e-type=\"container\">\n\t\t\t\t\t<div class=\"e-con-inner\">\n\t\t<div class=\"elementor-element elementor-element-5d6602e4 e-con-full e-flex e-con e-child\" data-id=\"5d6602e4\" data-element_type=\"container\" data-e-type=\"container\">\n\t\t\t\t<div class=\"elementor-element elementor-element-19828a00 elementor-widget elementor-widget-heading\" data-id=\"19828a00\" data-element_type=\"widget\" data-e-type=\"widget\" data-widget_type=\"heading.default\">\n\t\t\t\t\t<h2 class=\"elementor-heading-title elementor-size-default\">L'historique<\/h2>\t\t\t\t<\/div>\n\t\t\t\t<div class=\"elementor-element elementor-element-781140c elementor-widget elementor-widget-heading\" data-id=\"781140c\" data-element_type=\"widget\" data-e-type=\"widget\" data-widget_type=\"heading.default\">\n\t\t\t\t\t<h2 class=\"elementor-heading-title elementor-size-default\">Quelques dates essentielles<\/h2>\t\t\t\t<\/div>\n\t\t\t\t<div class=\"elementor-element elementor-element-243f5edd elementor-widget elementor-widget-text-editor\" data-id=\"243f5edd\" data-element_type=\"widget\" data-e-type=\"widget\" data-widget_type=\"text-editor.default\">\n\t\t\t\t\t\t\t\t\t<p><strong>1974<\/strong>\u00a0: \u00c9dition de Dungeons &amp; Dragons, grand p\u00e8re de tous les jeux de r\u00f4les ludiques.<\/p><p><strong>1983<\/strong>\u00a0: Traduction de Dungeons &amp; Dragons et publication des premiers jeux de r\u00f4les fran\u00e7ais (L&#8217;Ultime Epreuve, L\u00e9gendes).<\/p><p><strong>1983-1984<\/strong>\u00a0: Premiers jeux de r\u00f4les grandeur nature en Grande-Bretagne puis en France.<\/p><p><strong>1985-1986<\/strong>\u00a0: D\u00e9veloppement des jeux grandeur nature et naissance des premi\u00e8res associations sp\u00e9cialis\u00e9es.<\/p><p><strong>1992<\/strong>\u00a0: Premi\u00e8re publication sur le jeu de r\u00f4les grandeur nature dans le cadre d&#8217;un hors s\u00e9rie du magazine Casus Belli.<\/p><p><strong>1992-1994<\/strong>\u00a0: Publication du fanzine GNews, premi\u00e8re ressource nationale qui aboutira \u00e0 la cr\u00e9ation de la F\u00e9d\u00e9GN.<\/p><p><strong>1994<\/strong>\u00a0: Mise en place du processus de cr\u00e9ation d&#8217;une f\u00e9d\u00e9ration fran\u00e7aise des jeux de r\u00f4les grandeur nature &amp; lancement d&#8217;un fanzine : G\u00e9N\u00e9riques.<\/p><p><strong>1996<\/strong>\u00a0: Naissance officielle de la f\u00e9d\u00e9ration et mise en ligne de son premier site web.<\/p><p><strong>1996<\/strong>\u00a0: Publication des premi\u00e8res &#8220;Soir\u00e9es enqu\u00eates&#8221;, mini-jeux de r\u00f4les grandeur nature pr\u00eats \u00e0 jouer.<\/p><p><strong>2001<\/strong>\u00a0: La f\u00e9d\u00e9ration est agr\u00e9\u00e9e Jeunesse et \u00c9ducation Populaire.<\/p><p><strong>2004<\/strong>\u00a0: Premi\u00e8re \u00e9dition de la Nuit des Huis Clos :\u00a0\u00a0<a href=\"https:\/\/web.archive.org\/web\/20210306233311\/https:\/\/nuitduhuisclos.com\/\" target=\"_blank\" rel=\"noopener noreferrer\">https:\/\/nuitduhuisclos.com\/<\/a><\/p><p><strong>2005<\/strong>\u00a0: Premi\u00e8re \u00e9dition des GNiales :\u00a0<a href=\"https:\/\/web.archive.org\/web\/20210306233311\/https:\/\/gniales.com\/\" target=\"_blank\" rel=\"noopener noreferrer\">https:\/\/gniales.com\/<\/a><\/p><p><strong>2006<\/strong>\u00a0: Recrutement d&#8217;un premier permanent \u00e0 la F\u00e9d\u00e9ration. Premi\u00e8re \u00e9dition du\u00a0<a href=\"https:\/\/web.archive.org\/web\/20210306233311\/https:\/\/www.fedegn.org\/festival-du-film-court-de-gn\">festival de film court de GN<\/a>.<\/p><p><strong>2009<\/strong>\u00a0: Pr\u00e9sence de la F\u00e9d\u00e9GN au sein du groupe de travail sur le d\u00e9veloppement durable initi\u00e9 par le minist\u00e8re de la jeunesse et des sports.<\/p><p><strong>2010<\/strong>\u00a0: Pr\u00e9sence de la F\u00e9d\u00e9GN au minist\u00e8re de l&#8217;Int\u00e9rieur au groupe de travail sur la l\u00e9gislation sur les armes afin de d\u00e9fendre les int\u00e9r\u00eats des utilisateurs de r\u00e9pliques d&#8217;airsoft et de lanceurs de paintball. Audition sur le m\u00eame sujet par la mission parlementaire Leroux.<\/p><p><strong>2011<\/strong>\u00a0: Mise en place du syst\u00e8me de CarteGN avec les partenariats avec diff\u00e9rents professionnels associ\u00e9s.<\/p><p><strong>2012<\/strong>\u00a0: Victoire de Carte Blanche, soutenue par la F\u00e9d\u00e9GN dans le proc\u00e8s l&#8217;opposant \u00e0 la soci\u00e9t\u00e9 10torsion (Murder2000) sur l&#8217;autorisation d&#8217;utiliser le terme &#8220;murder-party&#8221;.<\/p><p><strong>2013<\/strong>\u00a0: Recrutement d&#8217;un second permanent \u00e0 la F\u00e9d\u00e9ration. Adoption par l&#8217;assembl\u00e9e g\u00e9n\u00e9rale d&#8217;une nouvelle d\u00e9finition du GN, plus ouverte et incluante.<\/p><p><strong>2014<\/strong>\u00a0: Premi\u00e8re \u00e9dition de Labo GN<\/p><p><strong>2015<\/strong>\u00a0: Signature d&#8217;une convention entre la F\u00e9d\u00e9GN et la F\u00e9d\u00e9ration Fran\u00e7aise d&#8217;Escrime pour le d\u00e9veloppement de l&#8217;Escrime Ludique &#8211; Cr\u00e9ation de la Carte GN+<\/p><p><strong>2016<\/strong>\u00a0: Premier stage de formation d&#8217;encadrant d&#8217;Escrime Ludique<\/p><p><strong>2023<\/strong> : accord de partenarait avec l&#8217;association francophone d&#8217;airsoft en Belgique: <a class=\"edefb8e22d63c542-anchor edefb8e22d63c542-anchorUnderlineOnHover\" tabindex=\"0\" title=\"https:\/\/www.facebook.com\/groups\/244468673828787\/\n\n(https:\/\/www.facebook.com\/groups\/244468673828787\/)\" role=\"button\" href=\"https:\/\/www.facebook.com\/groups\/244468673828787\/\" target=\"_blank\" rel=\"noreferrer noopener\">https:\/\/www.facebook.com\/groups\/244468673828787\/<\/a><\/p><p><strong>2025\u00a0<\/strong>: renouvellement de l&#8217;agr\u00e9ment jeunesse et \u00e9ducation populaire de la F\u00e9d\u00e9GN<\/p><p><strong>2025<\/strong> : Accord de partenariat avec la FIPS (f\u00e9d\u00e9rationd &#8216;airsoft italienne).<\/p>\t\t\t\t\t\t\t\t<\/div>\n\t\t\t\t<\/div>\n\t\t\t\t\t<\/div>\n\t\t\t\t<\/div>\n\t\t\t\t<\/div>\n\t\t","protected":false},"excerpt":{"rendered":"<p>L&#8217;historique Quelques dates essentielles 1974\u00a0: \u00c9dition de Dungeons &amp; Dragons, grand p\u00e8re de tous les jeux de r\u00f4les ludiques. 1983\u00a0: Traduction de Dungeons &amp; Dragons et publication des premiers jeux de r\u00f4les fran\u00e7ais (L&#8217;Ultime Epreuve, L\u00e9gendes). 1983-1984\u00a0: Premiers jeux de r\u00f4les grandeur nature en Grande-Bretagne puis en France. 1985-1986\u00a0: D\u00e9veloppement des jeux grandeur nature et [&hellip;]<\/p>\n","protected":false},"author":1,"featured_media":0,"parent":0,"menu_order":0,"comment_status":"closed","ping_status":"closed","template":"","meta":{"ocean_post_layout":"","ocean_both_sidebars_style":"","ocean_both_sidebars_content_width":0,"ocean_both_sidebars_sidebars_width":0,"ocean_sidebar":"","ocean_second_sidebar":"","ocean_disable_margins":"enable","ocean_add_body_class":"","ocean_shortcode_before_top_bar":"","ocean_shortcode_after_top_bar":"","ocean_shortcode_before_header":"","ocean_shortcode_after_header":"","ocean_has_shortcode":"","ocean_shortcode_after_title":"","ocean_shortcode_before_footer_widgets":"","ocean_shortcode_after_footer_widgets":"","ocean_shortcode_before_footer_bottom":"","ocean_shortcode_after_footer_bottom":"","ocean_display_top_bar":"default","ocean_display_header":"default","ocean_header_style":"","ocean_center_header_left_menu":"","ocean_custom_header_template":"","ocean_custom_logo":0,"ocean_custom_retina_logo":0,"ocean_custom_logo_max_width":0,"ocean_custom_logo_tablet_max_width":0,"ocean_custom_logo_mobile_max_width":0,"ocean_custom_logo_max_height":0,"ocean_custom_logo_tablet_max_height":0,"ocean_custom_logo_mobile_max_height":0,"ocean_header_custom_menu":"","ocean_menu_typo_font_family":"","ocean_menu_typo_font_subset":"","ocean_menu_typo_font_size":0,"ocean_menu_typo_font_size_tablet":0,"ocean_menu_typo_font_size_mobile":0,"ocean_menu_typo_font_size_unit":"px","ocean_menu_typo_font_weight":"","ocean_menu_typo_font_weight_tablet":"","ocean_menu_typo_font_weight_mobile":"","ocean_menu_typo_transform":"","ocean_menu_typo_transform_tablet":"","ocean_menu_typo_transform_mobile":"","ocean_menu_typo_line_height":0,"ocean_menu_typo_line_height_tablet":0,"ocean_menu_typo_line_height_mobile":0,"ocean_menu_typo_line_height_unit":"","ocean_menu_typo_spacing":0,"ocean_menu_typo_spacing_tablet":0,"ocean_menu_typo_spacing_mobile":0,"ocean_menu_typo_spacing_unit":"","ocean_menu_link_color":"","ocean_menu_link_color_hover":"","ocean_menu_link_color_active":"","ocean_menu_link_background":"","ocean_menu_link_hover_background":"","ocean_menu_link_active_background":"","ocean_menu_social_links_bg":"","ocean_menu_social_hover_links_bg":"","ocean_menu_social_links_color":"","ocean_menu_social_hover_links_color":"","ocean_disable_title":"on","ocean_disable_heading":"default","ocean_post_title":"","ocean_post_subheading":"","ocean_post_title_style":"","ocean_post_title_background_color":"","ocean_post_title_background":0,"ocean_post_title_bg_image_position":"","ocean_post_title_bg_image_attachment":"","ocean_post_title_bg_image_repeat":"","ocean_post_title_bg_image_size":"","ocean_post_title_height":0,"ocean_post_title_bg_overlay":0.5,"ocean_post_title_bg_overlay_color":"","ocean_disable_breadcrumbs":"default","ocean_breadcrumbs_color":"","ocean_breadcrumbs_separator_color":"","ocean_breadcrumbs_links_color":"","ocean_breadcrumbs_links_hover_color":"","ocean_display_footer_widgets":"default","ocean_display_footer_bottom":"default","ocean_custom_footer_template":"","footnotes":""},"class_list":["post-85","page","type-page","status-publish","hentry","entry"],"yoast_head":"<!-- This site is optimized with the Yoast SEO plugin v27.5 - https:\/\/yoast.com\/product\/yoast-seo-wordpress\/ -->\n<title>L&#039;historique - F\u00e9d\u00e9GN<\/title>\n<meta name=\"robots\" content=\"index, follow, max-snippet:-1, max-image-preview:large, max-video-preview:-1\" \/>\n<link rel=\"canonical\" href=\"https:\/\/blog.fedegn.org\/wordpress\/lhistorique\/\" \/>\n<meta property=\"og:locale\" content=\"en_US\" \/>\n<meta property=\"og:type\" content=\"article\" \/>\n<meta property=\"og:title\" content=\"L&#039;historique - F\u00e9d\u00e9GN\" \/>\n<meta property=\"og:description\" content=\"L&#8217;historique Quelques dates essentielles 1974\u00a0: \u00c9dition de Dungeons &amp; Dragons, grand p\u00e8re de tous les jeux de r\u00f4les ludiques. 1983\u00a0: Traduction de Dungeons &amp; Dragons et publication des premiers jeux de r\u00f4les fran\u00e7ais (L&#8217;Ultime Epreuve, L\u00e9gendes). 1983-1984\u00a0: Premiers jeux de r\u00f4les grandeur nature en Grande-Bretagne puis en France. 1985-1986\u00a0: D\u00e9veloppement des jeux grandeur nature et [&hellip;]\" \/>\n<meta property=\"og:url\" content=\"https:\/\/blog.fedegn.org\/wordpress\/lhistorique\/\" \/>\n<meta property=\"og:site_name\" content=\"F\u00e9d\u00e9GN\" \/>\n<meta property=\"article:modified_time\" content=\"2025-12-29T15:51:35+00:00\" \/>\n<meta name=\"twitter:card\" content=\"summary_large_image\" \/>\n<meta name=\"twitter:label1\" content=\"Est. reading time\" \/>\n\t<meta name=\"twitter:data1\" content=\"2 minutes\" \/>\n<script type=\"application\/ld+json\" class=\"yoast-schema-graph\">{\"@context\":\"https:\\\/\\\/schema.org\",\"@graph\":[{\"@type\":\"WebPage\",\"@id\":\"https:\\\/\\\/blog.fedegn.org\\\/wordpress\\\/lhistorique\\\/\",\"url\":\"https:\\\/\\\/blog.fedegn.org\\\/wordpress\\\/lhistorique\\\/\",\"name\":\"L'historique - F\u00e9d\u00e9GN\",\"isPartOf\":{\"@id\":\"https:\\\/\\\/blog.fedegn.org\\\/wordpress\\\/#website\"},\"datePublished\":\"2025-10-22T09:57:27+00:00\",\"dateModified\":\"2025-12-29T15:51:35+00:00\",\"breadcrumb\":{\"@id\":\"https:\\\/\\\/blog.fedegn.org\\\/wordpress\\\/lhistorique\\\/#breadcrumb\"},\"inLanguage\":\"en-US\",\"potentialAction\":[{\"@type\":\"ReadAction\",\"target\":[\"https:\\\/\\\/blog.fedegn.org\\\/wordpress\\\/lhistorique\\\/\"]}]},{\"@type\":\"BreadcrumbList\",\"@id\":\"https:\\\/\\\/blog.fedegn.org\\\/wordpress\\\/lhistorique\\\/#breadcrumb\",\"itemListElement\":[{\"@type\":\"ListItem\",\"position\":1,\"name\":\"Accueil\",\"item\":\"https:\\\/\\\/blog.fedegn.org\\\/wordpress\\\/\"},{\"@type\":\"ListItem\",\"position\":2,\"name\":\"L&rsquo;historique\"}]},{\"@type\":\"WebSite\",\"@id\":\"https:\\\/\\\/blog.fedegn.org\\\/wordpress\\\/#website\",\"url\":\"https:\\\/\\\/blog.fedegn.org\\\/wordpress\\\/\",\"name\":\"F\u00e9d\u00e9GN\",\"description\":\"\",\"publisher\":{\"@id\":\"https:\\\/\\\/blog.fedegn.org\\\/wordpress\\\/#organization\"},\"potentialAction\":[{\"@type\":\"SearchAction\",\"target\":{\"@type\":\"EntryPoint\",\"urlTemplate\":\"https:\\\/\\\/blog.fedegn.org\\\/wordpress\\\/?s={search_term_string}\"},\"query-input\":{\"@type\":\"PropertyValueSpecification\",\"valueRequired\":true,\"valueName\":\"search_term_string\"}}],\"inLanguage\":\"en-US\"},{\"@type\":\"Organization\",\"@id\":\"https:\\\/\\\/blog.fedegn.org\\\/wordpress\\\/#organization\",\"name\":\"F\u00e9d\u00e9GN\",\"url\":\"https:\\\/\\\/blog.fedegn.org\\\/wordpress\\\/\",\"logo\":{\"@type\":\"ImageObject\",\"inLanguage\":\"en-US\",\"@id\":\"https:\\\/\\\/blog.fedegn.org\\\/wordpress\\\/#\\\/schema\\\/logo\\\/image\\\/\",\"url\":\"https:\\\/\\\/blog.fedegn.org\\\/wordpress\\\/wp-content\\\/uploads\\\/2025\\\/10\\\/Logo_FedeGN-scaled.png\",\"contentUrl\":\"https:\\\/\\\/blog.fedegn.org\\\/wordpress\\\/wp-content\\\/uploads\\\/2025\\\/10\\\/Logo_FedeGN-scaled.png\",\"width\":2560,\"height\":1248,\"caption\":\"F\u00e9d\u00e9GN\"},\"image\":{\"@id\":\"https:\\\/\\\/blog.fedegn.org\\\/wordpress\\\/#\\\/schema\\\/logo\\\/image\\\/\"}}]}<\/script>\n<!-- \/ Yoast SEO plugin. -->","yoast_head_json":{"title":"L'historique - F\u00e9d\u00e9GN","robots":{"index":"index","follow":"follow","max-snippet":"max-snippet:-1","max-image-preview":"max-image-preview:large","max-video-preview":"max-video-preview:-1"},"canonical":"https:\/\/blog.fedegn.org\/wordpress\/lhistorique\/","og_locale":"en_US","og_type":"article","og_title":"L'historique - F\u00e9d\u00e9GN","og_description":"L&#8217;historique Quelques dates essentielles 1974\u00a0: \u00c9dition de Dungeons &amp; Dragons, grand p\u00e8re de tous les jeux de r\u00f4les ludiques. 1983\u00a0: Traduction de Dungeons &amp; Dragons et publication des premiers jeux de r\u00f4les fran\u00e7ais (L&#8217;Ultime Epreuve, L\u00e9gendes). 1983-1984\u00a0: Premiers jeux de r\u00f4les grandeur nature en Grande-Bretagne puis en France. 1985-1986\u00a0: D\u00e9veloppement des jeux grandeur nature et [&hellip;]","og_url":"https:\/\/blog.fedegn.org\/wordpress\/lhistorique\/","og_site_name":"F\u00e9d\u00e9GN","article_modified_time":"2025-12-29T15:51:35+00:00","twitter_card":"summary_large_image","twitter_misc":{"Est. reading time":"2 minutes"},"schema":{"@context":"https:\/\/schema.org","@graph":[{"@type":"WebPage","@id":"https:\/\/blog.fedegn.org\/wordpress\/lhistorique\/","url":"https:\/\/blog.fedegn.org\/wordpress\/lhistorique\/","name":"L'historique - F\u00e9d\u00e9GN","isPartOf":{"@id":"https:\/\/blog.fedegn.org\/wordpress\/#website"},"datePublished":"2025-10-22T09:57:27+00:00","dateModified":"2025-12-29T15:51:35+00:00","breadcrumb":{"@id":"https:\/\/blog.fedegn.org\/wordpress\/lhistorique\/#breadcrumb"},"inLanguage":"en-US","potentialAction":[{"@type":"ReadAction","target":["https:\/\/blog.fedegn.org\/wordpress\/lhistorique\/"]}]},{"@type":"BreadcrumbList","@id":"https:\/\/blog.fedegn.org\/wordpress\/lhistorique\/#breadcrumb","itemListElement":[{"@type":"ListItem","position":1,"name":"Accueil","item":"https:\/\/blog.fedegn.org\/wordpress\/"},{"@type":"ListItem","position":2,"name":"L&rsquo;historique"}]},{"@type":"WebSite","@id":"https:\/\/blog.fedegn.org\/wordpress\/#website","url":"https:\/\/blog.fedegn.org\/wordpress\/","name":"F\u00e9d\u00e9GN","description":"","publisher":{"@id":"https:\/\/blog.fedegn.org\/wordpress\/#organization"},"potentialAction":[{"@type":"SearchAction","target":{"@type":"EntryPoint","urlTemplate":"https:\/\/blog.fedegn.org\/wordpress\/?s={search_term_string}"},"query-input":{"@type":"PropertyValueSpecification","valueRequired":true,"valueName":"search_term_string"}}],"inLanguage":"en-US"},{"@type":"Organization","@id":"https:\/\/blog.fedegn.org\/wordpress\/#organization","name":"F\u00e9d\u00e9GN","url":"https:\/\/blog.fedegn.org\/wordpress\/","logo":{"@type":"ImageObject","inLanguage":"en-US","@id":"https:\/\/blog.fedegn.org\/wordpress\/#\/schema\/logo\/image\/","url":"https:\/\/blog.fedegn.org\/wordpress\/wp-content\/uploads\/2025\/10\/Logo_FedeGN-scaled.png","contentUrl":"https:\/\/blog.fedegn.org\/wordpress\/wp-content\/uploads\/2025\/10\/Logo_FedeGN-scaled.png","width":2560,"height":1248,"caption":"F\u00e9d\u00e9GN"},"image":{"@id":"https:\/\/blog.fedegn.org\/wordpress\/#\/schema\/logo\/image\/"}}]}},"_links":{"self":[{"href":"https:\/\/blog.fedegn.org\/wordpress\/wp-json\/wp\/v2\/pages\/85","targetHints":{"allow":["GET"]}}],"collection":[{"href":"https:\/\/blog.fedegn.org\/wordpress\/wp-json\/wp\/v2\/pages"}],"about":[{"href":"https:\/\/blog.fedegn.org\/wordpress\/wp-json\/wp\/v2\/types\/page"}],"author":[{"embeddable":true,"href":"https:\/\/blog.fedegn.org\/wordpress\/wp-json\/wp\/v2\/users\/1"}],"replies":[{"embeddable":true,"href":"https:\/\/blog.fedegn.org\/wordpress\/wp-json\/wp\/v2\/comments?post=85"}],"version-history":[{"count":8,"href":"https:\/\/blog.fedegn.org\/wordpress\/wp-json\/wp\/v2\/pages\/85\/revisions"}],"predecessor-version":[{"id":611,"href":"https:\/\/blog.fedegn.org\/wordpress\/wp-json\/wp\/v2\/pages\/85\/revisions\/611"}],"wp:attachment":[{"href":"https:\/\/blog.fedegn.org\/wordpress\/wp-json\/wp\/v2\/media?parent=85"}],"curies":[{"name":"wp","href":"https:\/\/api.w.org\/{rel}","templated":true}]}}